he third derivative of 1/2*n**3 + 0*n + 0*n**v + 0 - 1/60*n**5 + 2*n**2. Calculate k(3).
-6
Let r be (9/(-3) - -8)*1. Let t = -2 - -3. Let y(z) = -t - z + 4 + 3. Give y(r).
1
Suppose 0 = 5*h - 22 - 3. Suppose -a - h = -6*a. Let f(q) = -14*q**2 + 1. Determine f(a).
-13
Let z(x) be the third derivative of -x**5/60 - x**4/12 + x**3/3 - 5*x**2. Calculate z(2).
-6
Let y(g) = -g**2 - 6*g - 7. Let c be (2 - -7)/(-3) + 0. Let u be 4/6 - (-17)/c. Give y(u).
-2
Let h = -62 + 51. Let i(x) = 2*x + 15. What is i(h)?
-7
Let y(v) = -6*v**2 - 1. Suppose 0 = -4*t - 4, -6 = -5*s + 6*t - 5*t. What is y(s)?
-7
Suppose 10 + 5 = 5*d. Suppose 3*w + d = 0, -o = o - w - 7. Let m(u) = 2*u**2 - 4*u - 1. Give m(o).
5
Let o(s) = s**3 + s**2 + 2*s. Let w = -28 - -22. Let y be (1 - -1) + 24/w. What is o(y)?
-8
Let n(l) = -l**3 + 14*l**2 + 15*l + 3. Let b be n(15). Let r(j) = 6 + 0 - 2*j**2 - b. Calculate r(3).
-15
Let u = 5 + -4. Let p(t) = -t**3 - 2*t**2 + t + 1. Let w(f) = f**2 - 1. Suppose 0*v - 4*v + 24 = 0. Let y(a) = u*p(a) + v*w(a). Give y(4).
-1
Let z be -2 - (-8)/((-4)/2). Let m(w) = 5*w + 9. Let a(b) = -9*b - 17. Let t(c) = -3*a(c) - 5*m(c). Give t(z).
-6
Suppose -2*y - 4*u + 18 = 0, 5*u - 29 = y + 3*y. Let t(z) = z**2 + z + 1. Let x(m) = 7*m**2 + 2*m - 1. Let a(q) = y*x(q) + 6*t(q). Determine a(5).
2
Suppose a - 6*a = 3*j + 25, 0 = a + 3*j - 7. Let d(v) = -2*v**3 - 3*v**2 + v - 2. Let y(h) = -5*h**3 - 9*h**2 + 4*h - 6. Let u(r) = a*d(r) + 3*y(r). Give u(2).
2
Let l(p) = -p**2 - 4*p + 1. Let q be l(-5). Let a(y) = 7*y**2 + 8*y - 4. Let f(b) = -10*b**2 - 12*b + 6. Let h(u) = 7*a(u) + 5*f(u). Calculate h(q).
2
Let v(t) = -t + 7. Let q be 5/(-2)*(-48)/(-24). Give v(q).
12
Let o(h) = h**3 - 3*h**2 + 2*h + 1. Suppose -5*i = x + 31, 2*x - 4*i - 137 = 5*x. Let u be ((-4)/3)/(34/x). What is o(u)?
1
Let k(c) = 4*c**3 + 5*c**2 - 16. Let v(b) = -b**3 - b**2 + 1. Let y(z) = -k(z) - 5*v(z). Let x = 2 + -2. Suppose 3*i + i = x. Calculate y(i).
11
Let b(g) be the third derivative of -1/24*g**4 + 0 - 7/6*g**3 - 2*g**2 + 0*g. Calculate b(5).
-12
Let w = 3 - 6. Let j(p) be the third derivative of -p**5/120 - p**4/24 + 5*p**3/6 + 7*p**2. Let l(u) be the first derivative of j(u). Determine l(w).
2
Let o(b) = b + 5. Let r be o(0). Let h(s) be the third derivative of -s**4/24 - s**3/6 + 8*s**2. Calculate h(r).
-6
Suppose -i - 1 - 4 = 0. Let g(n) be the second derivative of -n**5/20 - n**4/3 + 2*n**3/3 - 2*n**2 - 5*n. Give g(i).
1
Let v = 29 - 49. Let k be 8/v + 56/(-10). Let m be -3 - (-6 + k/(-2)). Let i(b) = b + 10. Determine i(m).
10
Suppose -8 = w + 13. Let o be (-28)/(-6) + (-7)/w. Let m(t) = t. What is m(o)?
5
Let t(o) be the third derivative of o**5/60 + 5*o**4/24 + o**3 - 3*o**2. What is t(-6)?
12
Suppose 0 = 2*c + 2*h + 18, 7*c + 17 = 4*c - h. Let n(k) = -4*k - 4. What is n(c)?
12
Suppose 2*s + s + 27 = 0. Let r be (1/(-3))/((-3)/s). Let y(i) be the third derivative of i**6/15 + i**5/30 + i**4/12 + i**3/6 - 2*i**2. Give y(r).
-7
Let r = -2 + -10. Let g be 2/6 + (-68)/r. Let t(p) be the second derivative of -p**3/6 + 5*p**2 - 5*p. Give t(g).
4
Let g(k) = -3*k + 5. Let m(y) = 5*y - 8. Let h(v) = 8*g(v) + 5*m(v). Let s = -3 + 8. Give h(s).
5
Suppose l + 2 = -q, 3*l + l = -q + 1. Let o(r) = -24*r**2 + 1. Calculate o(l).
-23
Let k(b) = b + 1. Let w be k(-6). Let p(t) = -t - 7. Let s be p(w). Let m(x) = 2*x + 4*x - 2 - 5*x. Determine m(s).
-4
Let p be ((-6)/5)/(0 - 8/20). Let c(k) = k**3 - 4*k**2 + 5*k - 2. What is c(p)?
4
Let i(g) = -g**3 + 5*g**2 + 3*g. Suppose -2*p = 5*p - 35. Determine i(p).
15
Let t(b) = -b**3 - 7*b**2 + 7*b - 8. Suppose -2*h = -3*h - 8. What is t(h)?
0
Let n(m) be the third derivative of -m**6/120 + m**5/15 + 5*m**4/24 + 7*m**3/6 - 35*m**2. Suppose -3*p - 13 = 5. Let a = -1 - p. Determine n(a).
7
Let k(b) = 2*b**3 + 3*b**2 + 2*b. Suppose -5*w + 0*r + 33 = 2*r, 4*w - r - 16 = 0. Suppose w*t = 3*t - 2*l - 8, 5*t + 18 = -4*l. Calculate k(t).
-8
Let d(w) = -2*w - 2. Let x = -3 + -4. Let o = 5 + x. What is d(o)?
2
Let i be -1 - (13 - (-12)/4). Let f = -12 - i. Let j(b) = 3*b - 6. Give j(f).
9
Let s(k) = k**2 + 2*k - 2. Let g be s(2). Let w(q) = -q**3 + 1 - 5*q + g*q + 2*q**2 + 3. What is w(3)?
-2
Suppose -18 = -2*n + 4*g, 7*n = 3*n - 5*g - 16. Let a(y) be the second derivative of -y**4/12 + y**3/6 + 4*y. What is a(n)?
0
Let r(w) be the first derivative of -3*w**2/2 - 2*w - 5. Determine r(-3).
7
Suppose 59 + 49 = -3*s. Let n be (-8)/s - 52/(-9). Let c(t) = t**2 - 5*t - 2. Determine c(n).
4
Let p(b) = 2*b**2 + 3*b. Let c = 8 + -3. Let l = c + -7. Determine p(l).
2
Let t(b) = -2*b**3 + b**3 - 5*b**2 + 5 + b**2 - 5*b - 9. Suppose 0 = v - s + 8, 0 = -9*s + 4*s + 25. Give t(v).
2
Let b(l) = -l + 3. Let r be b(7). Let q = r + -2. Let h(y) = 5*y**3 - 6*y**2 - 3. Let p(n) = n**3. Let g(u) = h(u) - 6*p(u). Determine g(q).
-3
Suppose -q - 2*q - 3*t - 9 = 0, 5*t = -25. Let d(s) = 2*s + q*s - 4*s + 2*s + 1. Suppose 2*p + 4*m = -14, -p - 3 = -2*m - 0. Calculate d(p).
-9
Let v(l) = l**3 + 4*l**2 - 3*l + 2. Let c be (0 - (-2 - -1))*-11. Let s = c + 7. Let d be (-47)/9 - s/18. Determine v(d).
-8
Let m(t) be the third derivative of t**4/12 + 5*t**3/6 + 2*t**2. Let f = 27 - 33. Give m(f).
-7
Let u be (-3)/3*-1 + 1. Suppose -a = -0 + u. Let x = 2 + a. Let o(g) = -g + 2. Determine o(x).
2
Let j = 2 - 7. Let a(t) = -t**2 - 3*t + 5. What is a(j)?
-5
Let h(j) be the second derivative of -j**3/6 - 2*j. Let b be -1 + (1 - (-4)/2). Calculate h(b).
-2
Let b(c) be the second derivative of c**8/6720 - c**7/420 + c**6/240 + c**5/40 - 7*c**4/12 - 7*c. Let n(s) be the third derivative of b(s). Determine n(5).
-7
Let l(v) be the third derivative of -v**6/120 + v**5/60 - v**4/24 + v**3/3 + 3*v**2. Calculate l(2).
-4
Let u(z) be the first derivative of z**3/3 - 3*z**2 + 9*z - 3. Determine u(6).
9
Let r(n) = 4*n - 3*n - 93*n**3 + 94*n**3 - 4 + n**2 - 2*n**2. Calculate r(0).
-4
Let t(b) = b**3 - 6*b**2 - 7*b + 6. Let y be 8 + (3/(-6) - (-7)/(-14)). What is t(y)?
6
Suppose 12 = 104*k - 102*k. Let x(s) = -s**2 + 7*s - 9. Determine x(k).
-3
Suppose -9 = -4*n + 11. Suppose n*y - 21 = 9. Let v(m) = m**2 - 4*m - 7. Calculate v(y).
5
Let i(h) = -h + 3. Let w(f) = -2*f + 7. Let k(l) = -5*i(l) + 2*w(l). Determine k(0).
-1
Let c(v) = -3*v**2 - 2*v**2 + 1 + 0*v**2. Let p = 2 + 0. Suppose k - p*k + 21 = -5*t, 4*k + 5*t + 16 = 0. Calculate c(k).
-4
Let i(s) = -10*s**2 + 6*s - 3. Let p(c) = -9*c**2 + 5*c - 2. Let t(n) = -3*i(n) + 4*p(n). Let h(j) = 2*j**2 - j. Let l(a) = -7*h(a) - 2*t(a). What is l(2)?
-4
Let z(t) be the third derivative of -t**5/60 - 5*t**4/24 - t**3/2 - 17*t**2. Suppose 2*x + 6 = -4. What is z(x)?
-3
Suppose 0 = -5*m + 24 + 1. Suppose -2*d - 12 = -5*d - 3*o, 10 = m*o. Let z(w) = 2*w. What is z(d)?
4
Let l be -2*(6 - 14 - -6). Let i(j) = j**2 - 3*j + 3. Calculate i(l).
7
Let r(d) = -d**2 - d + 2. Suppose 4*a = -6 + 18. Suppose 7 = a*q - 2. Calculate r(q).
-10
Let r = -3 - -6. Let m(i) = -4 - 6*i**r + 2*i + 3*i**3 + 5 - 5*i**3 + 2*i**2. Give m(-1).
9
Let d(k) = -11*k**2 + 12*k - 12. Let l(f) = -4*f**2 + 4*f - 4. Let a(q) = 3*d(q) - 8*l(q). Give a(3).
-1
Suppose 5*k - 14 = -4. Let s(g) = -2 + 0 + 0 + 2*g**k - 2. What is s(3)?
14
Let o(t) = t**3 + 5*t**2 - t. Let m be 3*20/(-12) + 0. Give o(m).
5
Let t(a) = a**3 - 3*a**2 - a. Let d(y) = -y**2 + y - 5. Let h be d(0). Suppose -2*x = 5*m - 6*m - 19, 0 = -4*m - 12. Let v = h + x. Determine t(v).
-3
Let l(f) be the third derivative of -f**6/120 + 13*f**5/60 - 13*f**4/24 + 5*f**3/6 + 2*f**2 + 5*f. What is l(12)?
-7
Let j(l) = -l**2 - 6*l - 4. Let k(v) = -v + 14. Let d be k(20). Give j(d).
-4
Let g(y) be the second derivative of 1/2*y**2 + 1/12*y**4 - y + 1/3*y**3 + 0. Suppose -8*h = -6*h + 2. Give g(h).
0
Let q(u) = 4*u**3 - 2*u**2 + 1. Let v(j) = -j**3 + 8*j**2 - 5*j - 2. Let p = 1 - -6. Let r be v(p). Let o be (-2)/r*-3*-2. What is q(o)?
-5
Let q(i) = -2*i - 1. Let d = 108 - 105. Give q(d).
-7
Let o(f) = 3 - 3*f**2 + f**3 + f - f - 2*f. Let b(c) = c**2 - 7. Let t be b(3). What is o(t)?
-5
Let o(m) = -m**2 - 7*m - 1. Let w be o(-6). Let p = 5 + 1. Let n(b) = 3 + 5 + b**2 - p*b - 3. What is n(w)?
0
Suppose -12 = 3*a - 5*a. Suppose 4*v = r + 13, 2*v + 3*r - 9 = a*r. Let c(y) = -2*y**2 + 4*y - 2. Calculate c(v).
-8
Let r(w) be the second derivative of w*